{"id":1000,"date":"2014-09-21T13:46:36","date_gmt":"2014-09-21T11:46:36","guid":{"rendered":"http:\/\/www.tus-oppenau.de\/fussball\/?page_id=1000"},"modified":"2025-10-25T14:43:11","modified_gmt":"2025-10-25T12:43:11","slug":"frauen","status":"publish","type":"page","link":"https:\/\/www.tus-oppenau.de\/fussball\/frauen\/","title":{"rendered":"Damen"},"content":{"rendered":"<p><strong>Auf dieser Seite stellen wir Ihnen den aktuellen Kader der Damen-Mannschaft der Spielgemeinschaft Oppenau \/ Nussbach \/ \u00d6dsbach vor.<\/strong><\/p>\n<p>Es gab einige spannende Ver\u00e4nderungen und zahlreiche Neuzug\u00e4nge, die frischen Wind ins Team bringen &#8211; eine Mischung aus erfahrenen Spielerinnen und jungen Talenten.<br \/>\nMit dieser vielseitigen und motivierten Truppe sind wir bestens aufgestellt und freuen uns auf die Herausforderungen, die die neue Saison mit sich bringt!<\/p>\n<p><img data-recalc-dims=\"1\" loading=\"lazy\" decoding=\"async\" src=\"https:\/\/i0.wp.com\/www.tus-oppenau.de\/fussball\/wp-content\/uploads\/2025\/10\/IMG-20251025-WA0012.jpg?resize=474%2C316&#038;ssl=1\" width=\"474\" height=\"316\" class=\"wp-image-12517 alignnone size-full\" srcset=\"https:\/\/i0.wp.com\/www.tus-oppenau.de\/fussball\/wp-content\/uploads\/2025\/10\/IMG-20251025-WA0012.jpg?w=1599&amp;ssl=1 1599w, https:\/\/i0.wp.com\/www.tus-oppenau.de\/fussball\/wp-content\/uploads\/2025\/10\/IMG-20251025-WA0012.jpg?resize=673%2C449&amp;ssl=1 673w, https:\/\/i0.wp.com\/www.tus-oppenau.de\/fussball\/wp-content\/uploads\/2025\/10\/IMG-20251025-WA0012.jpg?resize=1260%2C840&amp;ssl=1 1260w, https:\/\/i0.wp.com\/www.tus-oppenau.de\/fussball\/wp-content\/uploads\/2025\/10\/IMG-20251025-WA0012.jpg?resize=150%2C100&amp;ssl=1 150w, https:\/\/i0.wp.com\/www.tus-oppenau.de\/fussball\/wp-content\/uploads\/2025\/10\/IMG-20251025-WA0012.jpg?resize=768%2C512&amp;ssl=1 768w, https:\/\/i0.wp.com\/www.tus-oppenau.de\/fussball\/wp-content\/uploads\/2025\/10\/IMG-20251025-WA0012.jpg?resize=1536%2C1024&amp;ssl=1 1536w, https:\/\/i0.wp.com\/www.tus-oppenau.de\/fussball\/wp-content\/uploads\/2025\/10\/IMG-20251025-WA0012.jpg?w=948&amp;ssl=1 948w, https:\/\/i0.wp.com\/www.tus-oppenau.de\/fussball\/wp-content\/uploads\/2025\/10\/IMG-20251025-WA0012.jpg?w=1422&amp;ssl=1 1422w\" sizes=\"auto, (max-width: 474px) 100vw, 474px\" \/><\/p>\n<p>Trainerinnen-Team:<\/p>\n<div>\n<h3><\/h3>\n<p><img data-recalc-dims=\"1\" loading=\"lazy\" decoding=\"async\" class=\"alignnone size-full wp-image-11271\" src=\"https:\/\/i0.wp.com\/www.tus-oppenau.de\/fussball\/wp-content\/uploads\/2024\/09\/image49205877958331888260.jpeg?resize=474%2C304&#038;ssl=1\" width=\"474\" height=\"304\" srcset=\"https:\/\/i0.wp.com\/www.tus-oppenau.de\/fussball\/wp-content\/uploads\/2024\/09\/image49205877958331888260.jpeg?w=2000&amp;ssl=1 2000w, https:\/\/i0.wp.com\/www.tus-oppenau.de\/fussball\/wp-content\/uploads\/2024\/09\/image49205877958331888260.jpeg?resize=673%2C431&amp;ssl=1 673w, https:\/\/i0.wp.com\/www.tus-oppenau.de\/fussball\/wp-content\/uploads\/2024\/09\/image49205877958331888260.jpeg?resize=1260%2C807&amp;ssl=1 1260w, https:\/\/i0.wp.com\/www.tus-oppenau.de\/fussball\/wp-content\/uploads\/2024\/09\/image49205877958331888260.jpeg?resize=150%2C96&amp;ssl=1 150w, https:\/\/i0.wp.com\/www.tus-oppenau.de\/fussball\/wp-content\/uploads\/2024\/09\/image49205877958331888260.jpeg?resize=768%2C492&amp;ssl=1 768w, https:\/\/i0.wp.com\/www.tus-oppenau.de\/fussball\/wp-content\/uploads\/2024\/09\/image49205877958331888260.jpeg?resize=1536%2C984&amp;ssl=1 1536w, https:\/\/i0.wp.com\/www.tus-oppenau.de\/fussball\/wp-content\/uploads\/2024\/09\/image49205877958331888260.jpeg?w=948&amp;ssl=1 948w, https:\/\/i0.wp.com\/www.tus-oppenau.de\/fussball\/wp-content\/uploads\/2024\/09\/image49205877958331888260.jpeg?w=1422&amp;ssl=1 1422w\" sizes=\"auto, (max-width: 474px) 100vw, 474px\" \/>\n<\/div>\n<p>Mit gro\u00dfer Freude pr\u00e4sentieren wir unser neues Trainerteam ab der kommende Saison 2024\/25. Es gibt einige spannende Ver\u00e4nderungen an unserer Seitenlinie, die wir euch nicht vorenthalten m\u00f6chten.<br \/>\nSara Fischer bleibt uns weiterhin als Spielertrainerin erhalten. Ihre Erfahrung und ihr Engagement sind f\u00fcr uns unverzichtbar, und wir freuen uns, dass sie uns auch in der neuen Saison unterst\u00fctzen wird.<br \/>\nChristiane Hug st\u00f6\u00dft als neues Mitglied des Trainerteams dazu. Als bereits bekanntes Gesicht auf dem Platz bringt sie wertvolle Kenntnisse und F\u00e4higkeiten mit. Sie wird das Team ebenfalls als Spielertrainerin verst\u00e4rken und wir sind \u00fcberzeugt, dass sie eine Bereicherung auf und neben dem Platz sein wird.<br \/>\nDas Trio komplett macht Sandra Huber. Aufgrund einer aktuellen Verletzung kann sie leider nicht aktiv spielen, aber sie wird w\u00e4hrend der Spiele an der Seitenlinie die Stellung<br \/>\nUnser Trainertrio wird unterst\u00fctzt von unseren Betreuern Michael Zimprich und Nicolas Schappacher, die bereits zuvor mit an Board waren.<br \/>\nWir sind gespannt auf die neue Saison und k\u00f6nnen es kaum erwarten, mit diesem tollen Team durchzustarten.<br \/>\nAuf eine erfolgreiche Saison zusammen!<\/p>\n<h3>Spielf\u00fchrerinnen:<\/h3>\n<p><img data-recalc-dims=\"1\" loading=\"lazy\" decoding=\"async\" class=\"wp-image-11273 alignnone size-full\" src=\"https:\/\/i0.wp.com\/www.tus-oppenau.de\/fussball\/wp-content\/uploads\/2024\/09\/image35739676201337556990.jpeg?resize=474%2C309&#038;ssl=1\" width=\"474\" height=\"309\" data-temp-aztec-id=\"dbc9c58a-116d-47be-aaac-fe11c651222d\" srcset=\"https:\/\/i0.wp.com\/www.tus-oppenau.de\/fussball\/wp-content\/uploads\/2024\/09\/image35739676201337556990.jpeg?w=2000&amp;ssl=1 2000w, https:\/\/i0.wp.com\/www.tus-oppenau.de\/fussball\/wp-content\/uploads\/2024\/09\/image35739676201337556990.jpeg?resize=673%2C439&amp;ssl=1 673w, https:\/\/i0.wp.com\/www.tus-oppenau.de\/fussball\/wp-content\/uploads\/2024\/09\/image35739676201337556990.jpeg?resize=1260%2C822&amp;ssl=1 1260w, https:\/\/i0.wp.com\/www.tus-oppenau.de\/fussball\/wp-content\/uploads\/2024\/09\/image35739676201337556990.jpeg?resize=150%2C98&amp;ssl=1 150w, https:\/\/i0.wp.com\/www.tus-oppenau.de\/fussball\/wp-content\/uploads\/2024\/09\/image35739676201337556990.jpeg?resize=768%2C501&amp;ssl=1 768w, https:\/\/i0.wp.com\/www.tus-oppenau.de\/fussball\/wp-content\/uploads\/2024\/09\/image35739676201337556990.jpeg?resize=1536%2C1001&amp;ssl=1 1536w, https:\/\/i0.wp.com\/www.tus-oppenau.de\/fussball\/wp-content\/uploads\/2024\/09\/image35739676201337556990.jpeg?w=948&amp;ssl=1 948w, https:\/\/i0.wp.com\/www.tus-oppenau.de\/fussball\/wp-content\/uploads\/2024\/09\/image35739676201337556990.jpeg?w=1422&amp;ssl=1 1422w\" sizes=\"auto, (max-width: 474px) 100vw, 474px\" \/><\/p>\n<p>Eva Schmiederer ist seit jeher ein tragender Teil unserer Mannschaft und f\u00fchrt uns seit der Gr\u00fcndung der SG Oppenau\/Nussbach\/Tiergarten-H. als Kapit\u00e4nin aufs Feld. Sie kennt das Team in- und auswendig und bleibt auch in der neuen Saison mit an der Spitze.<br \/>\nLilly M\u00fcller unterst\u00fctzte Eva bereits als Co-Kapit\u00e4nin in den vergangenen Spielzeiten. Ihre Leidenschaft und Energie auf und neben dem Platz sind unverzichtbar f\u00fcr das Team, weshalb sie eine klare Wahl f\u00fcr unser Trio ist.<\/p>\n<p>Teresa Baumann wird dieses Jahr zum ersten Mal die SG Binde tragen. Doch sie bringt eine F\u00fclle an Erfahrung mit als Kapit\u00e4n der ehemaligen SVN-Damen und macht so unser Kapit\u00e4ns-Gespann komplett.<\/p>\n<p dir=\"ltr\" style=\"line-height:1.3900000000000001margin-top:0.0pt; margin-bottom:8.0pt; text-align:left;\"><span>Wir sind stolz auf unser starkes Trio und auf ihre Erfahrung, Leidenschaft und Entschlossenheit mit der sie uns auf den Platz f\u00fchren werden.<\/span><br \/>\n<span>Sie alle haben die Entwicklung unseres Teams von Anfang an gepr\u00e4gt und werden uns durch die H\u00f6hen und Tiefen der neuen Saison f\u00fchren.<\/span><br \/>\n<span>Wir freuen uns auf eine spannende Saison mit ihnen an der Spitze! <\/span><\/p>\n<div><a href=\"https:\/\/i0.wp.com\/www.tus-oppenau.de\/fussball\/wp-content\/uploads\/2021\/01\/IMG_0145.jpg?ssl=1\"><img data-recalc-dims=\"1\" loading=\"lazy\" decoding=\"async\" class=\"aligncenter size-medium wp-image-7734\" src=\"https:\/\/i0.wp.com\/www.tus-oppenau.de\/fussball\/wp-content\/uploads\/2021\/01\/IMG_0145.jpg?resize=474%2C370&#038;ssl=1\" alt=\"\" width=\"474\" height=\"370\" srcset=\"https:\/\/i0.wp.com\/www.tus-oppenau.de\/fussball\/wp-content\/uploads\/2021\/01\/IMG_0145.jpg?resize=673%2C525&amp;ssl=1 673w, https:\/\/i0.wp.com\/www.tus-oppenau.de\/fussball\/wp-content\/uploads\/2021\/01\/IMG_0145.jpg?resize=300%2C234&amp;ssl=1 300w, https:\/\/i0.wp.com\/www.tus-oppenau.de\/fussball\/wp-content\/uploads\/2021\/01\/IMG_0145.jpg?resize=1260%2C983&amp;ssl=1 1260w, https:\/\/i0.wp.com\/www.tus-oppenau.de\/fussball\/wp-content\/uploads\/2021\/01\/IMG_0145.jpg?resize=150%2C117&amp;ssl=1 150w, https:\/\/i0.wp.com\/www.tus-oppenau.de\/fussball\/wp-content\/uploads\/2021\/01\/IMG_0145.jpg?resize=768%2C599&amp;ssl=1 768w, https:\/\/i0.wp.com\/www.tus-oppenau.de\/fussball\/wp-content\/uploads\/2021\/01\/IMG_0145.jpg?resize=1536%2C1199&amp;ssl=1 1536w, https:\/\/i0.wp.com\/www.tus-oppenau.de\/fussball\/wp-content\/uploads\/2021\/01\/IMG_0145.jpg?w=2048&amp;ssl=1 2048w, https:\/\/i0.wp.com\/www.tus-oppenau.de\/fussball\/wp-content\/uploads\/2021\/01\/IMG_0145.jpg?w=948&amp;ssl=1 948w, https:\/\/i0.wp.com\/www.tus-oppenau.de\/fussball\/wp-content\/uploads\/2021\/01\/IMG_0145.jpg?w=1422&amp;ssl=1 1422w\" sizes=\"auto, (max-width: 474px) 100vw, 474px\" \/><\/a>\n<\/div>\n<div>Ein gro\u00dfes Dankesch\u00f6n f\u00fcr die gro\u00dfz\u00fcgige Unterst\u00fctzung geht an unseren Trikotsponsor Harry Fischer <a href=\"https:\/\/www.allfinanz.ag\/Harry.Fischer\/index.html\">https:\/\/www.allfinanz.ag\/Harry.Fischer\/index.html<\/a>\n<\/div>\n<div>hier bei der \u00dcbergabe des neuen Trikots.\n<\/div>\n<div>von links: Tamara Schmidt, Harry Fischer, Christian Bolz und Sara Fischer\n<\/div>\n<p><strong>Unser Dank gilt ebenfalls den weiteren Sponsoren:<\/strong><br \/>\nMichael Huber \/ Firma Spissinger <a href=\"http:\/\/www.spissinger.de\/\" target=\"_blank\" rel=\"noopener\" data-saferedirecturl=\"https:\/\/www.google.com\/url?q=http:\/\/www.spissinger.de\/&amp;source=gmail&amp;ust=1609760263079000&amp;usg=AFQjCNEYMrtS42eSI5hZMovZKYYpo-WNJQ\">http:\/\/www.spissinger.de\/<\/a><\/p>\n<p>Eugen Morhard \/ Gasthaus Schl\u00fcssel: <a href=\"http:\/\/www.xn--gasthof-schlssel-uzb.de\/\" target=\"_blank\" rel=\"noopener\" data-saferedirecturl=\"https:\/\/www.google.com\/url?q=http:\/\/www.gasthof-schl%C3%BCssel.de\/&amp;source=gmail&amp;ust=1609760263079000&amp;usg=AFQjCNHJu5wXby3r3iaL9uo9AhFWT-Gc8A\">http:\/\/www.gasthof-schl\u00fcssel.<\/a><wbr><a href=\"http:\/\/www.xn--gasthof-schlssel-uzb.de\/\" target=\"_blank\" rel=\"noopener\" data-saferedirecturl=\"https:\/\/www.google.com\/url?q=http:\/\/www.gasthof-schl%C3%BCssel.de\/&amp;source=gmail&amp;ust=1609760263079000&amp;usg=AFQjCNHJu5wXby3r3iaL9uo9AhFWT-Gc8A\">de\/<\/a><\/p>\n","protected":false},"excerpt":{"rendered":"<p>Auf dieser Seite stellen wir Ihnen den aktuellen Kader der Damen-Mannschaft der Spielgemeinschaft Oppenau \/ Nussbach \/ \u00d6dsbach vor. Es gab einige spannende Ver\u00e4nderungen und zahlreiche Neuzug\u00e4nge, die frischen Wind ins Team bringen &#8211; eine Mischung aus erfahrenen Spielerinnen und jungen Talenten. Mit dieser vielseitigen und motivierten Truppe sind wir bestens aufgestellt und freuen uns &hellip; <a href=\"https:\/\/www.tus-oppenau.de\/fussball\/frauen\/\" class=\"more-link\"><span class=\"screen-reader-text\">Damen<\/span> weiterlesen <span class=\"meta-nav\">&rarr;<\/span><\/a><\/p>\n","protected":false},"author":1,"featured_media":12517,"parent":0,"menu_order":0,"comment_status":"closed","ping_status":"closed","template":"page-templates\/full-width.php","meta":{"footnotes":""},"class_list":["post-1000","page","type-page","status-publish","has-post-thumbnail","hentry"],"jetpack_sharing_enabled":true,"jetpack_likes_enabled":true,"_links":{"self":[{"href":"https:\/\/www.tus-oppenau.de\/fussball\/wp-json\/wp\/v2\/pages\/1000","targetHints":{"allow":["GET"]}}],"collection":[{"href":"https:\/\/www.tus-oppenau.de\/fussball\/wp-json\/wp\/v2\/pages"}],"about":[{"href":"https:\/\/www.tus-oppenau.de\/fussball\/wp-json\/wp\/v2\/types\/page"}],"author":[{"embeddable":true,"href":"https:\/\/www.tus-oppenau.de\/fussball\/wp-json\/wp\/v2\/users\/1"}],"replies":[{"embeddable":true,"href":"https:\/\/www.tus-oppenau.de\/fussball\/wp-json\/wp\/v2\/comments?post=1000"}],"version-history":[{"count":14,"href":"https:\/\/www.tus-oppenau.de\/fussball\/wp-json\/wp\/v2\/pages\/1000\/revisions"}],"predecessor-version":[{"id":12519,"href":"https:\/\/www.tus-oppenau.de\/fussball\/wp-json\/wp\/v2\/pages\/1000\/revisions\/12519"}],"wp:featuredmedia":[{"embeddable":true,"href":"https:\/\/www.tus-oppenau.de\/fussball\/wp-json\/wp\/v2\/media\/12517"}],"wp:attachment":[{"href":"https:\/\/www.tus-oppenau.de\/fussball\/wp-json\/wp\/v2\/media?parent=1000"}],"curies":[{"name":"wp","href":"https:\/\/api.w.org\/{rel}","templated":true}]}}