{"id":1031,"date":"2014-09-21T14:41:58","date_gmt":"2014-09-21T12:41:58","guid":{"rendered":"http:\/\/www.tus-oppenau.de\/fussball\/?page_id=1031"},"modified":"2024-01-13T15:14:23","modified_gmt":"2024-01-13T13:14:23","slug":"kontakt","status":"publish","type":"page","link":"https:\/\/www.tus-oppenau.de\/fussball\/kontakt\/","title":{"rendered":"Kontakt"},"content":{"rendered":"<div style=\"text-align: left;\" align=\"center\">\n<p>Im folgenden finden Sie die Beitrittserkl\u00e4rung des TuS Oppenau 1905 e.V. Die Mitgliedschaft beschr\u00e4nkt sich nicht nur auf die Abteilung <strong>Fu\u00dfball<\/strong>, sondern umfasst auch die Abteilungen <strong>Turnen <\/strong>und <strong>Handball<\/strong>. Die ausgef\u00fcllte Beitrittserkl\u00e4rung senden Sie bitte an:<\/p>\n<div class=\"cm_column_wrapper\">\n<div class=\"cm_column cm-container-large\">\n<h6>Mitgliederverwaltung TuS Oppenau 1905 e.V.<\/h6>\n<p><span style=\"font-family: Arial; font-size: small;\">Franz Schrempp<br \/>\nBahnhofstra\u00dfe 18<br \/>\n<\/span><span style=\"font-family: Arial; font-size: small;\">77728 Oppenau<br \/>\n<\/span><span style=\"font-family: Arial; font-size: small;\">Tel. 07804 &#8211; 3163<br \/>\n<\/span><span style=\"font-family: Arial; font-size: small;\"><a href=\"mailto:mitglieder-tus-oppenau@web.de\">email: mitglieder-tus-oppenau@web.de<\/a><\/span><\/p>\n<p><a href=\"http:\/\/www.tus-oppenau.de\/tus-oppenau_beitrittserklaerung.pdf\">Download Beitrittserkl\u00e4rung TuS Oppenau<\/a><\/p>\n<\/div>\n<\/div>\n<p align=\"left\"><a href=\"http:\/\/www.tus-oppenau.de\/turnen\/downloads\/files\/TuS_Satzung.pdf\">Download Satzung TuS Oppenau<\/a><\/p>\n<p align=\"left\"><b>Schriftf\u00fchrer Abteilung Fu\u00dfball Postanschrift :<\/b><br \/>\nG\u00fcnter Huber<br \/>\nJ\u00f6rg-von-Schauenburg-Str. 6<br \/>\n77704 Oberkirch<br \/>\n<a style=\"font-size: smaller; line-height: 1.5;\" href=\"mailto:schriftfuehrer@tus-oppenau.de\">schriftfuehrer@tus-oppenau.de<\/a><br \/>\n<span style=\"line-height: 1.5;\">Ebenfalls zust\u00e4ndig f\u00fcr:<\/span><br \/>\n<span style=\"line-height: 1.5;\">Homepage und Spielberichte<\/span><\/p>\n<p align=\"left\"><b>Werbung:<br \/>\n<\/b>Oppenauer Fu\u00dfballwerbung GbR<br \/>\nGF: Marc B\u00f6rsig &amp; Volker Gieringer<br \/>\nFarnweg 24<br \/>\n77728 Oppenau<br \/>\nTel.\u00a00160-1833156<br \/>\n<a href=\"mailto:boersigmarc@gmail.com\">boersigmarc@gmail.com<\/a><\/p>\n<\/div>\n<div style=\"text-align: left;\" align=\"center\">\n<p align=\"left\"><big><b>Haldenhof Aktuell:<\/b><\/big><big> <\/big><br \/>\nFrank Spinner<br \/>\n<a href=\"mailto:Frank.Spinner@t-online.de\">Frank.Spinner@t-online.de<\/a><\/p>\n<h1 align=\"left\">Sportlicher Bereich:<\/h1>\n<p align=\"left\"><b>Vorstand Sport:<\/b><br \/>\nToni Kimmig<br \/>\nTel: 0781\/72614<br \/>\n<a href=\"mailto:spielausschuss@tus-oppenau.de\">spielausschuss@tus-oppenau.de<\/a><\/p>\n<p align=\"left\"><b>Jugendleitung:<\/b><br \/>\nCesare Ruggeri<br \/>\nFarnweg 5<br \/>\n77728 Oppenau<br \/>\nTel.: 07804\/16 87<br \/>\n<a href=\"mailto:c.a.ruggeri@t-online.de\">c.a.ruggeri@t-online.de<\/a><\/p>\n<p align=\"left\"><b>Alte Herren:<\/b><br \/>\nFabian Wild<br \/>\nTel.: +49 176 32219935<br \/>\n<a href=\"mailto:fabian.wild85@gmail.com\">fabian.wild85@gmail.com<\/a><\/p>\n<p>Anfahrt zum Sportplatz am Haldenhof:<\/p>\n<p>Ort in Google Maps :<br \/>\n<a href=\"https:\/\/www.google.de\/maps\/place\/TuS+Oppenau+Sportanlage+%22Haldenhof%22\/@48.484414,8.149517,17z\/data=!3m1!4b1!4m2!3m1!1s0x47972bbc74178943:0x58d9826db05768b5\" target=\"_blank\" rel=\"noopener noreferrer\">TuS Oppenau Sportanlage &#8222;Haldenhof&#8220;, 77728 Oppenau<\/a><\/p>\n<p><center>Gr\u00f6\u00dfere Kartenansicht<\/center><\/div>\n","protected":false},"excerpt":{"rendered":"<p>Im folgenden finden Sie die Beitrittserkl\u00e4rung des TuS Oppenau 1905 e.V. Die Mitgliedschaft beschr\u00e4nkt sich nicht nur auf die Abteilung Fu\u00dfball, sondern umfasst auch die Abteilungen Turnen und Handball. Die ausgef\u00fcllte Beitrittserkl\u00e4rung senden Sie bitte an: Mitgliederverwaltung TuS Oppenau 1905 e.V. Franz Schrempp Bahnhofstra\u00dfe 18 77728 Oppenau Tel. 07804 &#8211; 3163 email: mitglieder-tus-oppenau@web.de Download Beitrittserkl\u00e4rung &hellip; <a href=\"https:\/\/www.tus-oppenau.de\/fussball\/kontakt\/\" class=\"more-link\"><span class=\"screen-reader-text\">Kontakt<\/span> weiterlesen <span class=\"meta-nav\">&rarr;<\/span><\/a><\/p>\n","protected":false},"author":1,"featured_media":0,"parent":0,"menu_order":0,"comment_status":"closed","ping_status":"closed","template":"","meta":{"footnotes":""},"class_list":["post-1031","page","type-page","status-publish","hentry"],"jetpack_sharing_enabled":true,"jetpack_likes_enabled":true,"_links":{"self":[{"href":"https:\/\/www.tus-oppenau.de\/fussball\/wp-json\/wp\/v2\/pages\/1031","targetHints":{"allow":["GET"]}}],"collection":[{"href":"https:\/\/www.tus-oppenau.de\/fussball\/wp-json\/wp\/v2\/pages"}],"about":[{"href":"https:\/\/www.tus-oppenau.de\/fussball\/wp-json\/wp\/v2\/types\/page"}],"author":[{"embeddable":true,"href":"https:\/\/www.tus-oppenau.de\/fussball\/wp-json\/wp\/v2\/users\/1"}],"replies":[{"embeddable":true,"href":"https:\/\/www.tus-oppenau.de\/fussball\/wp-json\/wp\/v2\/comments?post=1031"}],"version-history":[{"count":24,"href":"https:\/\/www.tus-oppenau.de\/fussball\/wp-json\/wp\/v2\/pages\/1031\/revisions"}],"predecessor-version":[{"id":10508,"href":"https:\/\/www.tus-oppenau.de\/fussball\/wp-json\/wp\/v2\/pages\/1031\/revisions\/10508"}],"wp:attachment":[{"href":"https:\/\/www.tus-oppenau.de\/fussball\/wp-json\/wp\/v2\/media?parent=1031"}],"curies":[{"name":"wp","href":"https:\/\/api.w.org\/{rel}","templated":true}]}}