{"id":1208,"date":"2014-09-28T18:54:47","date_gmt":"2014-09-28T16:54:47","guid":{"rendered":"http:\/\/www.tus-oppenau.de\/fussball\/?page_id=1208"},"modified":"2023-12-11T15:07:40","modified_gmt":"2023-12-11T13:07:40","slug":"b-juniorinnen","status":"publish","type":"page","link":"https:\/\/www.tus-oppenau.de\/fussball\/b-juniorinnen\/","title":{"rendered":"B-Juniorinnen"},"content":{"rendered":"<p>Die B-Juniorinnen spielen in der Bezirksliga Offenburg auf 9er Feld unter SG \u00d6dsbach<\/p>\n<p><a href=\"https:\/\/i0.wp.com\/www.tus-oppenau.de\/fussball\/wp-content\/uploads\/2018\/09\/2018_09_07_B-Juniorinnen-Mannschaftsbild_heller.jpg?ssl=1\"><img data-recalc-dims=\"1\" loading=\"lazy\" decoding=\"async\" class=\"aligncenter wp-image-5655 size-medium\" src=\"https:\/\/i0.wp.com\/www.tus-oppenau.de\/fussball\/wp-content\/uploads\/2018\/09\/2018_09_07_B-Juniorinnen-Mannschaftsbild_heller.jpg?resize=474%2C313&#038;ssl=1\" alt=\"\" width=\"474\" height=\"313\" srcset=\"https:\/\/i0.wp.com\/www.tus-oppenau.de\/fussball\/wp-content\/uploads\/2018\/09\/2018_09_07_B-Juniorinnen-Mannschaftsbild_heller-scaled.jpg?resize=673%2C444&amp;ssl=1 673w, https:\/\/i0.wp.com\/www.tus-oppenau.de\/fussball\/wp-content\/uploads\/2018\/09\/2018_09_07_B-Juniorinnen-Mannschaftsbild_heller-scaled.jpg?resize=300%2C198&amp;ssl=1 300w, https:\/\/i0.wp.com\/www.tus-oppenau.de\/fussball\/wp-content\/uploads\/2018\/09\/2018_09_07_B-Juniorinnen-Mannschaftsbild_heller-scaled.jpg?resize=150%2C99&amp;ssl=1 150w, https:\/\/i0.wp.com\/www.tus-oppenau.de\/fussball\/wp-content\/uploads\/2018\/09\/2018_09_07_B-Juniorinnen-Mannschaftsbild_heller-scaled.jpg?resize=768%2C507&amp;ssl=1 768w, https:\/\/i0.wp.com\/www.tus-oppenau.de\/fussball\/wp-content\/uploads\/2018\/09\/2018_09_07_B-Juniorinnen-Mannschaftsbild_heller-scaled.jpg?resize=1260%2C832&amp;ssl=1 1260w, https:\/\/i0.wp.com\/www.tus-oppenau.de\/fussball\/wp-content\/uploads\/2018\/09\/2018_09_07_B-Juniorinnen-Mannschaftsbild_heller-scaled.jpg?w=948&amp;ssl=1 948w, https:\/\/i0.wp.com\/www.tus-oppenau.de\/fussball\/wp-content\/uploads\/2018\/09\/2018_09_07_B-Juniorinnen-Mannschaftsbild_heller-scaled.jpg?w=1422&amp;ssl=1 1422w\" sizes=\"auto, (max-width: 474px) 100vw, 474px\" \/><\/a><\/p>\n<p><strong>hinten von links nach rechts :<\/strong> Martin Lederer, Jennifer Harms, Jennifer Weimann, Lisa Fai\u00dft, Frantje Dalichow, Juliana Wurster, Eva Schmiederer, Lilly M\u00fcller, Nicole Walz, Leandra Doll<\/p>\n<p><strong>vorne von links nach rechts :<\/strong> Johanna B\u00e4chle, Nela Maier, Katrin Zimmermann, Laura Maier, Nathalie Waidele, Maxi Huber, Charlotte Lederer<\/p>\n<p><strong>Es fehlen : <\/strong>Milena Heidsick<\/p>\n<p><a href=\"https:\/\/i0.wp.com\/www.tus-oppenau.de\/fussball\/wp-content\/uploads\/2014\/09\/2015_11_13_B-Juniorinnen_Trainingsanzuege.jpg?ssl=1\"><img data-recalc-dims=\"1\" loading=\"lazy\" decoding=\"async\" class=\"alignnone wp-image-2485 size-medium\" src=\"https:\/\/i0.wp.com\/www.tus-oppenau.de\/fussball\/wp-content\/uploads\/2014\/09\/2015_11_13_B-Juniorinnen_Trainingsanzuege.jpg?resize=474%2C337&#038;ssl=1\" alt=\"2015_11_13_B-Juniorinnen_Trainingsanzuege\" width=\"474\" height=\"337\" srcset=\"https:\/\/i0.wp.com\/www.tus-oppenau.de\/fussball\/wp-content\/uploads\/2014\/09\/2015_11_13_B-Juniorinnen_Trainingsanzuege-scaled.jpg?resize=673%2C478&amp;ssl=1 673w, https:\/\/i0.wp.com\/www.tus-oppenau.de\/fussball\/wp-content\/uploads\/2014\/09\/2015_11_13_B-Juniorinnen_Trainingsanzuege-scaled.jpg?resize=300%2C213&amp;ssl=1 300w, https:\/\/i0.wp.com\/www.tus-oppenau.de\/fussball\/wp-content\/uploads\/2014\/09\/2015_11_13_B-Juniorinnen_Trainingsanzuege-scaled.jpg?resize=150%2C107&amp;ssl=1 150w, https:\/\/i0.wp.com\/www.tus-oppenau.de\/fussball\/wp-content\/uploads\/2014\/09\/2015_11_13_B-Juniorinnen_Trainingsanzuege-scaled.jpg?resize=1260%2C895&amp;ssl=1 1260w, https:\/\/i0.wp.com\/www.tus-oppenau.de\/fussball\/wp-content\/uploads\/2014\/09\/2015_11_13_B-Juniorinnen_Trainingsanzuege-scaled.jpg?w=948&amp;ssl=1 948w, https:\/\/i0.wp.com\/www.tus-oppenau.de\/fussball\/wp-content\/uploads\/2014\/09\/2015_11_13_B-Juniorinnen_Trainingsanzuege-scaled.jpg?w=1422&amp;ssl=1 1422w\" sizes=\"auto, (max-width: 474px) 100vw, 474px\" \/><\/a><\/p>\n<p>Die B Juniorinnen konnten mit Unterst\u00fctzung von <a href=\"http:\/\/roth-autohaus.de\/\" target=\"_blank\" rel=\"noopener\">Autohaus Roth<\/a> und Armin Huber von der Fa. Huber Ludwig 2, S\u00e4ge und Hobelwerk, Holzhandlung in Oppenau mit neuen Trainingsanz\u00fcgen ausgestattet werden. Vielen Dank daf\u00fcr !<\/p>\n<p><a title=\"B Juniorinnen Ergebnisse\" href=\"https:\/\/www.tus-oppenau.de\/fussball\/?page_id=1177\">Ergebnisse<\/a><\/p>\n<p>Beitr\u00e4ge<\/p>\n\n\n<div class=\"su-posts su-posts-default-loop \">\n\n\t\n\t\t\t\t\t\n\t\t\t\n\t\t\t<div id=\"su-post-8974\" class=\"su-post \">\n\n\t\t\t\t\t\t\t\t\t<a class=\"su-post-thumbnail\" href=\"https:\/\/www.tus-oppenau.de\/fussball\/2023\/03\/neue-teamware-fr-die-mannschaften-der-sg-renchtal\/\"><img loading=\"lazy\" decoding=\"async\" width=\"672\" height=\"372\" src=\"https:\/\/i0.wp.com\/www.tus-oppenau.de\/fussball\/wp-content\/uploads\/2023\/03\/RH_5468-schnitt.jpg?resize=672%2C372&amp;ssl=1\" class=\"attachment-post-thumbnail size-post-thumbnail wp-post-image\" alt=\"\" \/><\/a>\n\t\t\t\t\n\t\t\t\t<h2 class=\"su-post-title\"><a href=\"https:\/\/www.tus-oppenau.de\/fussball\/2023\/03\/neue-teamware-fr-die-mannschaften-der-sg-renchtal\/\">Neue Teamware f&uuml;r die Mannschaften der SG Renchtal<\/a><\/h2>\n\n\t\t\t\t<div class=\"su-post-meta\">\n\t\t\t\t\tVer\u00f6ffentlicht: 26. M\u00e4rz 2023\t\t\t\t<\/div>\n\n\t\t\t\t<div class=\"su-post-excerpt\">\n\t\t\t\t\t<p>Die C-, B- und A-Junioren der SG Renchtal (TuS Oppenau, SV Lautenbach, SV Bad Peterstal und SV \u00d6dsbach) konnten durch die tatkr\u00e4ftige finanzielle Unterst\u00fctzung von lokalen Sponsoren mit neuer einheitlicher Teamware ausgestattet werden. Zur Pr\u00e4sentation fand ein gemeinsamer Foto-Termin auf der G\u00fcnter-Bimmerle-Sportst\u00e4tte des TuS Oppenau statt. Der TuS Oppenau bedankt sich auch im Namen der &hellip; <a href=\"https:\/\/www.tus-oppenau.de\/fussball\/2023\/03\/neue-teamware-fr-die-mannschaften-der-sg-renchtal\/\" class=\"more-link\"><span class=\"screen-reader-text\">Neue Teamware f&uuml;r die Mannschaften der SG Renchtal<\/span> weiterlesen <span class=\"meta-nav\">&rarr;<\/span><\/a><\/p>\n\t\t\t\t<\/div>\n\n\t\t\t\t\n\t\t\t<\/div>\n\n\t\t\t\t\t\n\t\t\t\n\t\t\t<div id=\"su-post-6750\" class=\"su-post \">\n\n\t\t\t\t\t\t\t\t\t<a class=\"su-post-thumbnail\" href=\"https:\/\/www.tus-oppenau.de\/fussball\/2019\/07\/neue-trainingsanzge-fr-jugendteams\/\"><img loading=\"lazy\" decoding=\"async\" width=\"672\" height=\"372\" src=\"https:\/\/i0.wp.com\/www.tus-oppenau.de\/fussball\/wp-content\/uploads\/2019\/07\/tus-oppenau-jugend-mannschaftsfoto_2019_mail.jpg?resize=672%2C372&amp;ssl=1\" class=\"attachment-post-thumbnail size-post-thumbnail wp-post-image\" alt=\"\" \/><\/a>\n\t\t\t\t\n\t\t\t\t<h2 class=\"su-post-title\"><a href=\"https:\/\/www.tus-oppenau.de\/fussball\/2019\/07\/neue-trainingsanzge-fr-jugendteams\/\">Neue Trainingsanz&uuml;ge f&uuml;r Jugendteams<\/a><\/h2>\n\n\t\t\t\t<div class=\"su-post-meta\">\n\t\t\t\t\tVer\u00f6ffentlicht: 23. Juli 2019\t\t\t\t<\/div>\n\n\t\t\t\t<div class=\"su-post-excerpt\">\n\t\t\t\t\t<p>Die insgesamt 11 Jugendmannschaften und Spielgemeinschaften des TuS Oppenau sowie deren Jugendtrainer und Betreuer wurden mit neuen Trainingsanz\u00fcgen unseres Ausr\u00fcsters Hummel ausgestattet. Die schicken Anz\u00fcge aus der Kollektion Core konnten durch die gro\u00dfz\u00fcgige Unterst\u00fctzung unseres Sponsors Autohaus Roth KG angeschafft werden. Der TuS Oppenau bedankt sich ganz herzlich f\u00fcr diese gro\u00dfartige Unterst\u00fctzung unserer Jugendarbeit. Gesch\u00e4ftsf\u00fchrer &hellip; <a href=\"https:\/\/www.tus-oppenau.de\/fussball\/2019\/07\/neue-trainingsanzge-fr-jugendteams\/\" class=\"more-link\"><span class=\"screen-reader-text\">Neue Trainingsanz&uuml;ge f&uuml;r Jugendteams<\/span> weiterlesen <span class=\"meta-nav\">&rarr;<\/span><\/a><\/p>\n\t\t\t\t<\/div>\n\n\t\t\t\t\n\t\t\t<\/div>\n\n\t\t\t\t\t\n\t\t\t\n\t\t\t<div id=\"su-post-6426\" class=\"su-post \">\n\n\t\t\t\t\t\t\t\t\t<a class=\"su-post-thumbnail\" href=\"https:\/\/www.tus-oppenau.de\/fussball\/2019\/05\/b-juniorinnen-mit-2-siegen-in-englischer-woche\/\"><img loading=\"lazy\" decoding=\"async\" width=\"672\" height=\"372\" src=\"https:\/\/i0.wp.com\/www.tus-oppenau.de\/fussball\/wp-content\/uploads\/2018\/09\/2018_09_07_B-Juniorinnen-Mannschaftsbild_heller-scaled.jpg?resize=672%2C372&amp;ssl=1\" class=\"attachment-post-thumbnail size-post-thumbnail wp-post-image\" alt=\"\" srcset=\"https:\/\/i0.wp.com\/www.tus-oppenau.de\/fussball\/wp-content\/uploads\/2018\/09\/2018_09_07_B-Juniorinnen-Mannschaftsbild_heller-scaled.jpg?resize=672%2C372&amp;ssl=1 672w, https:\/\/i0.wp.com\/www.tus-oppenau.de\/fussball\/wp-content\/uploads\/2018\/09\/2018_09_07_B-Juniorinnen-Mannschaftsbild_heller-scaled.jpg?resize=1038%2C576&amp;ssl=1 1038w, https:\/\/i0.wp.com\/www.tus-oppenau.de\/fussball\/wp-content\/uploads\/2018\/09\/2018_09_07_B-Juniorinnen-Mannschaftsbild_heller-scaled.jpg?zoom=2&amp;resize=672%2C372&amp;ssl=1 1344w, https:\/\/i0.wp.com\/www.tus-oppenau.de\/fussball\/wp-content\/uploads\/2018\/09\/2018_09_07_B-Juniorinnen-Mannschaftsbild_heller-scaled.jpg?zoom=3&amp;resize=672%2C372&amp;ssl=1 2016w\" sizes=\"auto, (max-width: 474px) 100vw, 474px\" \/><\/a>\n\t\t\t\t\n\t\t\t\t<h2 class=\"su-post-title\"><a href=\"https:\/\/www.tus-oppenau.de\/fussball\/2019\/05\/b-juniorinnen-mit-2-siegen-in-englischer-woche\/\">B Juniorinnen mit 2 Siegen in englischer Woche<\/a><\/h2>\n\n\t\t\t\t<div class=\"su-post-meta\">\n\t\t\t\t\tVer\u00f6ffentlicht: 12. Mai 2019\t\t\t\t<\/div>\n\n\t\t\t\t<div class=\"su-post-excerpt\">\n\t\t\t\t\t<p>Die B Juniorinnen mussten zun\u00e4chst am Mittwoch beim VfR Elgersweier antreten. Im Hinspiel hatte man zu Hause nur knapp 1:0 gewonnen. Um so erfreulicher war es, dass die Chancen konsequent genutzt wurden und die Abwehr um Lilly M\u00fcller nichts zu lie\u00df. Am Ende stand es verdient 3:0 f\u00fcr die TuS M\u00e4dels. Am Samstag Nachmittag ging &hellip; <a href=\"https:\/\/www.tus-oppenau.de\/fussball\/2019\/05\/b-juniorinnen-mit-2-siegen-in-englischer-woche\/\" class=\"more-link\"><span class=\"screen-reader-text\">B Juniorinnen mit 2 Siegen in englischer Woche<\/span> weiterlesen <span class=\"meta-nav\">&rarr;<\/span><\/a><\/p>\n\t\t\t\t<\/div>\n\n\t\t\t\t\n\t\t\t<\/div>\n\n\t\t\n\t\n<\/div>\n\n","protected":false},"excerpt":{"rendered":"<p>Die B-Juniorinnen spielen in der Bezirksliga Offenburg auf 9er Feld unter SG \u00d6dsbach hinten von links nach rechts : Martin Lederer, Jennifer Harms, Jennifer Weimann, Lisa Fai\u00dft, Frantje Dalichow, Juliana Wurster, Eva Schmiederer, Lilly M\u00fcller, Nicole Walz, Leandra Doll vorne von links nach rechts : Johanna B\u00e4chle, Nela Maier, Katrin Zimmermann, Laura Maier, Nathalie Waidele, &hellip; <a href=\"https:\/\/www.tus-oppenau.de\/fussball\/2019\/05\/b-juniorinnen-mit-2-siegen-in-englischer-woche\/\" class=\"more-link\"><span class=\"screen-reader-text\">B Juniorinnen mit 2 Siegen in englischer Woche<\/span> weiterlesen <span class=\"meta-nav\">&rarr;<\/span><\/a><\/p>\n","protected":false},"author":1,"featured_media":0,"parent":0,"menu_order":0,"comment_status":"closed","ping_status":"closed","template":"page-templates\/full-width.php","meta":{"footnotes":""},"class_list":["post-1208","page","type-page","status-publish","hentry","has-post-thumbnail"],"jetpack_sharing_enabled":false,"jetpack_likes_enabled":true,"_links":{"self":[{"href":"https:\/\/www.tus-oppenau.de\/fussball\/wp-json\/wp\/v2\/pages\/1208","targetHints":{"allow":["GET"]}}],"collection":[{"href":"https:\/\/www.tus-oppenau.de\/fussball\/wp-json\/wp\/v2\/pages"}],"about":[{"href":"https:\/\/www.tus-oppenau.de\/fussball\/wp-json\/wp\/v2\/types\/page"}],"author":[{"embeddable":true,"href":"https:\/\/www.tus-oppenau.de\/fussball\/wp-json\/wp\/v2\/users\/1"}],"replies":[{"embeddable":true,"href":"https:\/\/www.tus-oppenau.de\/fussball\/wp-json\/wp\/v2\/comments?post=1208"}],"version-history":[{"count":20,"href":"https:\/\/www.tus-oppenau.de\/fussball\/wp-json\/wp\/v2\/pages\/1208\/revisions"}],"predecessor-version":[{"id":10456,"href":"https:\/\/www.tus-oppenau.de\/fussball\/wp-json\/wp\/v2\/pages\/1208\/revisions\/10456"}],"wp:attachment":[{"href":"https:\/\/www.tus-oppenau.de\/fussball\/wp-json\/wp\/v2\/media?parent=1208"}],"curies":[{"name":"wp","href":"https:\/\/api.w.org\/{rel}","templated":true}]}}