{"id":2106,"date":"2015-09-20T21:17:18","date_gmt":"2015-09-20T19:17:18","guid":{"rendered":"http:\/\/www.tus-oppenau.de\/fussball\/?page_id=2106"},"modified":"2025-11-17T02:44:19","modified_gmt":"2025-11-17T00:44:19","slug":"d-junioren","status":"publish","type":"page","link":"https:\/\/www.tus-oppenau.de\/fussball\/d-junioren\/","title":{"rendered":"D-Junioren"},"content":{"rendered":"<p>D Junioren spielen in einer Spielgemeinschaft mit Oppenau und Bad Peterstal unter SG Oppenau<\/p>\n<p><img data-recalc-dims=\"1\" loading=\"lazy\" decoding=\"async\" src=\"https:\/\/i0.wp.com\/www.tus-oppenau.de\/fussball\/wp-content\/uploads\/2025\/11\/img-20251116-wa00146944149884565661107.jpg?resize=474%2C302&#038;ssl=1\" class=\"wp-image-12687 alignnone size-full\" width=\"474\" height=\"302\" srcset=\"https:\/\/i0.wp.com\/www.tus-oppenau.de\/fussball\/wp-content\/uploads\/2025\/11\/img-20251116-wa00146944149884565661107.jpg?w=1213&amp;ssl=1 1213w, https:\/\/i0.wp.com\/www.tus-oppenau.de\/fussball\/wp-content\/uploads\/2025\/11\/img-20251116-wa00146944149884565661107.jpg?resize=673%2C429&amp;ssl=1 673w, https:\/\/i0.wp.com\/www.tus-oppenau.de\/fussball\/wp-content\/uploads\/2025\/11\/img-20251116-wa00146944149884565661107.jpg?resize=150%2C96&amp;ssl=1 150w, https:\/\/i0.wp.com\/www.tus-oppenau.de\/fussball\/wp-content\/uploads\/2025\/11\/img-20251116-wa00146944149884565661107.jpg?resize=768%2C490&amp;ssl=1 768w, https:\/\/i0.wp.com\/www.tus-oppenau.de\/fussball\/wp-content\/uploads\/2025\/11\/img-20251116-wa00146944149884565661107.jpg?w=948&amp;ssl=1 948w\" sizes=\"auto, (max-width: 474px) 100vw, 474px\" \/><\/p>\n<p><img data-recalc-dims=\"1\" loading=\"lazy\" decoding=\"async\" src=\"https:\/\/i0.wp.com\/www.tus-oppenau.de\/fussball\/wp-content\/uploads\/2025\/11\/img-20251116-wa001321249256182822191.jpg?resize=474%2C416&#038;ssl=1\" class=\"wp-image-12686 alignnone size-full\" width=\"474\" height=\"416\" srcset=\"https:\/\/i0.wp.com\/www.tus-oppenau.de\/fussball\/wp-content\/uploads\/2025\/11\/img-20251116-wa001321249256182822191.jpg?w=1282&amp;ssl=1 1282w, https:\/\/i0.wp.com\/www.tus-oppenau.de\/fussball\/wp-content\/uploads\/2025\/11\/img-20251116-wa001321249256182822191.jpg?resize=673%2C591&amp;ssl=1 673w, https:\/\/i0.wp.com\/www.tus-oppenau.de\/fussball\/wp-content\/uploads\/2025\/11\/img-20251116-wa001321249256182822191.jpg?resize=1260%2C1107&amp;ssl=1 1260w, https:\/\/i0.wp.com\/www.tus-oppenau.de\/fussball\/wp-content\/uploads\/2025\/11\/img-20251116-wa001321249256182822191.jpg?resize=150%2C132&amp;ssl=1 150w, https:\/\/i0.wp.com\/www.tus-oppenau.de\/fussball\/wp-content\/uploads\/2025\/11\/img-20251116-wa001321249256182822191.jpg?resize=768%2C675&amp;ssl=1 768w, https:\/\/i0.wp.com\/www.tus-oppenau.de\/fussball\/wp-content\/uploads\/2025\/11\/img-20251116-wa001321249256182822191.jpg?w=948&amp;ssl=1 948w\" sizes=\"auto, (max-width: 474px) 100vw, 474px\" \/><\/p>\n<p><img data-recalc-dims=\"1\" loading=\"lazy\" decoding=\"async\" src=\"https:\/\/i0.wp.com\/www.tus-oppenau.de\/fussball\/wp-content\/uploads\/2025\/11\/img-20251116-wa00121785220401229704665.jpg?resize=474%2C335&#038;ssl=1\" class=\"wp-image-12688 alignnone size-full\" width=\"474\" height=\"335\" srcset=\"https:\/\/i0.wp.com\/www.tus-oppenau.de\/fussball\/wp-content\/uploads\/2025\/11\/img-20251116-wa00121785220401229704665.jpg?w=1531&amp;ssl=1 1531w, https:\/\/i0.wp.com\/www.tus-oppenau.de\/fussball\/wp-content\/uploads\/2025\/11\/img-20251116-wa00121785220401229704665.jpg?resize=673%2C476&amp;ssl=1 673w, https:\/\/i0.wp.com\/www.tus-oppenau.de\/fussball\/wp-content\/uploads\/2025\/11\/img-20251116-wa00121785220401229704665.jpg?resize=1260%2C890&amp;ssl=1 1260w, https:\/\/i0.wp.com\/www.tus-oppenau.de\/fussball\/wp-content\/uploads\/2025\/11\/img-20251116-wa00121785220401229704665.jpg?resize=150%2C106&amp;ssl=1 150w, https:\/\/i0.wp.com\/www.tus-oppenau.de\/fussball\/wp-content\/uploads\/2025\/11\/img-20251116-wa00121785220401229704665.jpg?resize=768%2C543&amp;ssl=1 768w, https:\/\/i0.wp.com\/www.tus-oppenau.de\/fussball\/wp-content\/uploads\/2025\/11\/img-20251116-wa00121785220401229704665.jpg?w=948&amp;ssl=1 948w, https:\/\/i0.wp.com\/www.tus-oppenau.de\/fussball\/wp-content\/uploads\/2025\/11\/img-20251116-wa00121785220401229704665.jpg?w=1422&amp;ssl=1 1422w\" sizes=\"auto, (max-width: 474px) 100vw, 474px\" \/><\/p>\n<p>Die Fu\u00dfball Abteilung des TuS Oppenau bedankt sich recht herzlich bei<\/p>\n<p align=\"center\"><span style=\"font-size:x-large;\"><a href=\"http:\/\/www.doll-oppenau.de\/\"><strong>DOLL Fahrzeugbau GmbH<\/strong><\/a><\/span><\/p>\n<p><a href=\"https:\/\/i0.wp.com\/www.tus-oppenau.de\/fussball\/wp-content\/uploads\/2019\/10\/clip_image002.jpg?ssl=1\"><img data-recalc-dims=\"1\" loading=\"lazy\" decoding=\"async\" title=\"clip_image002\" src=\"https:\/\/i0.wp.com\/www.tus-oppenau.de\/fussball\/wp-content\/uploads\/2019\/10\/clip_image002_thumb.jpg?resize=309%2C88&#038;ssl=1\" alt=\"clip_image002\" width=\"309\" height=\"88\" border=\"0\"><\/a><\/p>\n<p>f\u00fcr die gro\u00dfz\u00fcgige Unterst\u00fctzung unserer Jugendarbeit.<\/p>\n<p><a href=\"https:\/\/www.tus-oppenau.de\/fussball\/d1-ergebnisse\/\">D1 Ergebnisse<\/a><\/p>\n<p><a href=\"https:\/\/www.tus-oppenau.de\/fussball\/d2-ergebnisse\/\">D2 Ergebnisse<\/a><\/p>\n\n\n<div class=\"su-posts su-posts-default-loop \">\n\n\t\n\t\t\t\t\t\n\t\t\t\n\t\t\t<div id=\"su-post-12881\" class=\"su-post \">\n\n\t\t\t\t\t\t\t\t\t<a class=\"su-post-thumbnail\" href=\"https:\/\/www.tus-oppenau.de\/fussball\/2026\/01\/d-junioren-erreichen-platz-3-beim-hallenturnier-des-sv-dsbach\/\"><img loading=\"lazy\" decoding=\"async\" width=\"672\" height=\"372\" src=\"https:\/\/i0.wp.com\/www.tus-oppenau.de\/fussball\/wp-content\/uploads\/2026\/01\/D-Junioren_1-1.jpg?resize=672%2C372&amp;ssl=1\" class=\"attachment-post-thumbnail size-post-thumbnail wp-post-image\" alt=\"\" \/><\/a>\n\t\t\t\t\n\t\t\t\t<h2 class=\"su-post-title\"><a href=\"https:\/\/www.tus-oppenau.de\/fussball\/2026\/01\/d-junioren-erreichen-platz-3-beim-hallenturnier-des-sv-dsbach\/\">D-Junioren erreichen Platz 3 beim Hallenturnier des SV &Ouml;dsbach<\/a><\/h2>\n\n\t\t\t\t<div class=\"su-post-meta\">\n\t\t\t\t\tVer\u00f6ffentlicht: 28. Januar 2026\t\t\t\t<\/div>\n\n\t\t\t\t<div class=\"su-post-excerpt\">\n\t\t\t\t\t<p>Die D-Junioren des TuS Oppenau um das Trainerteam Tobias M\u00fcller und Julian Haas haben beim Hallenturnier des SV \u00d6dsbach einen guten 3. Platz erreicht. Nach einer kurzfristigen Absage des FV Schutterwald gab es eine Modus\u00e4nderung von der Gruppenphase und Platzierungsspielen zu Jeder gegen Jeden. Dabei gewann man die ersten 3 Partien mit 4:1, 3:2 und &hellip; <a href=\"https:\/\/www.tus-oppenau.de\/fussball\/2026\/01\/d-junioren-erreichen-platz-3-beim-hallenturnier-des-sv-dsbach\/\" class=\"more-link\"><span class=\"screen-reader-text\">D-Junioren erreichen Platz 3 beim Hallenturnier des SV &Ouml;dsbach<\/span> weiterlesen <span class=\"meta-nav\">&rarr;<\/span><\/a><\/p>\n\t\t\t\t<\/div>\n\n\t\t\t\t\n\t\t\t<\/div>\n\n\t\t\t\t\t\n\t\t\t\n\t\t\t<div id=\"su-post-12836\" class=\"su-post \">\n\n\t\t\t\t\t\t\t\t\t<a class=\"su-post-thumbnail\" href=\"https:\/\/www.tus-oppenau.de\/fussball\/2026\/01\/d-junioren-gewinnen-hallenturnier-in-oberkirch\/\"><img loading=\"lazy\" decoding=\"async\" width=\"672\" height=\"372\" src=\"https:\/\/i0.wp.com\/www.tus-oppenau.de\/fussball\/wp-content\/uploads\/2026\/01\/D-Junioren_1.jpg?resize=672%2C372&amp;ssl=1\" class=\"attachment-post-thumbnail size-post-thumbnail wp-post-image\" alt=\"\" \/><\/a>\n\t\t\t\t\n\t\t\t\t<h2 class=\"su-post-title\"><a href=\"https:\/\/www.tus-oppenau.de\/fussball\/2026\/01\/d-junioren-gewinnen-hallenturnier-in-oberkirch\/\">D-Junioren gewinnen Hallenturnier in Oberkirch<\/a><\/h2>\n\n\t\t\t\t<div class=\"su-post-meta\">\n\t\t\t\t\tVer\u00f6ffentlicht: 18. Januar 2026\t\t\t\t<\/div>\n\n\t\t\t\t<div class=\"su-post-excerpt\">\n\t\t\t\t\t<p>Nur wenige Tage nach dem Turniersieg beim Dreik\u00f6nigturnier in Kehl waren unsere D-Junioren auch beim Hallenturnier in Oberkirch siegreich. Die Mannschaft konnte auch den 7. Rencht\u00e4ler-Hallencup f\u00fcr sich entscheiden. Im Endspiel konnte man sich mit 1:0 gegen den SC Lahr durchsetzen. Herzlichen Gl\u00fcckwunsch der Mannschaft und dem Trainerteam zum Turniersieg !!<\/p>\n\t\t\t\t<\/div>\n\n\t\t\t\t\n\t\t\t<\/div>\n\n\t\t\t\t\t\n\t\t\t\n\t\t\t<div id=\"su-post-12830\" class=\"su-post \">\n\n\t\t\t\t\n\t\t\t\t<h2 class=\"su-post-title\"><a href=\"https:\/\/www.tus-oppenau.de\/fussball\/2026\/01\/d-junioren-gewinnen-das-dreiknigsturnier-2026\/\">D-Junioren gewinnen das Dreik&ouml;nigsturnier 2026<\/a><\/h2>\n\n\t\t\t\t<div class=\"su-post-meta\">\n\t\t\t\t\tVer\u00f6ffentlicht: 6. Januar 2026\t\t\t\t<\/div>\n\n\t\t\t\t<div class=\"su-post-excerpt\">\n\t\t\t\t\t<p>Mit einem tollen sportlichen Erfolg sind unsere D-Junioren in das Jahr 2026 gestartet. Die Mannschaft um das Trainerteam Markus M\u00fcller und Frank Treier konnte das gut besetzte Dreik\u00f6nigsturnier des Kehler FV gewinnen. Dabei blieb man das ganze Turnier umgeschlagen und setzte sich in der Gruppenphase mit 3 Siegen und einem Unentschieden sowie 22:2 Toren durch. &hellip; <a href=\"https:\/\/www.tus-oppenau.de\/fussball\/2026\/01\/d-junioren-gewinnen-das-dreiknigsturnier-2026\/\" class=\"more-link\"><span class=\"screen-reader-text\">D-Junioren gewinnen das Dreik&ouml;nigsturnier 2026<\/span> weiterlesen <span class=\"meta-nav\">&rarr;<\/span><\/a><\/p>\n\t\t\t\t<\/div>\n\n\t\t\t\t\n\t\t\t<\/div>\n\n\t\t\n\t\n<\/div>\n\n","protected":false},"excerpt":{"rendered":"<p>D Junioren spielen in einer Spielgemeinschaft mit Oppenau und Bad Peterstal unter SG Oppenau Die Fu\u00dfball Abteilung des TuS Oppenau bedankt sich recht herzlich bei DOLL Fahrzeugbau GmbH f\u00fcr die gro\u00dfz\u00fcgige Unterst\u00fctzung unserer Jugendarbeit. D1 Ergebnisse D2 Ergebnisse<\/p>\n","protected":false},"author":93,"featured_media":12689,"parent":0,"menu_order":0,"comment_status":"closed","ping_status":"closed","template":"page-templates\/full-width.php","meta":{"footnotes":""},"class_list":["post-2106","page","type-page","status-publish","has-post-thumbnail","hentry"],"jetpack_sharing_enabled":false,"jetpack_likes_enabled":true,"_links":{"self":[{"href":"https:\/\/www.tus-oppenau.de\/fussball\/wp-json\/wp\/v2\/pages\/2106","targetHints":{"allow":["GET"]}}],"collection":[{"href":"https:\/\/www.tus-oppenau.de\/fussball\/wp-json\/wp\/v2\/pages"}],"about":[{"href":"https:\/\/www.tus-oppenau.de\/fussball\/wp-json\/wp\/v2\/types\/page"}],"author":[{"embeddable":true,"href":"https:\/\/www.tus-oppenau.de\/fussball\/wp-json\/wp\/v2\/users\/93"}],"replies":[{"embeddable":true,"href":"https:\/\/www.tus-oppenau.de\/fussball\/wp-json\/wp\/v2\/comments?post=2106"}],"version-history":[{"count":13,"href":"https:\/\/www.tus-oppenau.de\/fussball\/wp-json\/wp\/v2\/pages\/2106\/revisions"}],"predecessor-version":[{"id":12690,"href":"https:\/\/www.tus-oppenau.de\/fussball\/wp-json\/wp\/v2\/pages\/2106\/revisions\/12690"}],"wp:featuredmedia":[{"embeddable":true,"href":"https:\/\/www.tus-oppenau.de\/fussball\/wp-json\/wp\/v2\/media\/12689"}],"wp:attachment":[{"href":"https:\/\/www.tus-oppenau.de\/fussball\/wp-json\/wp\/v2\/media?parent=2106"}],"curies":[{"name":"wp","href":"https:\/\/api.w.org\/{rel}","templated":true}]}}

<p>D Junioren spielen in einer Spielgemeinschaft mit Oppenau und Bad Peterstal unter SG Oppenau</p>
<p><img data-recalc-dims="1" loading="lazy" decoding="async" src="https://i0.wp.com/www.tus-oppenau.de/fussball/wp-content/uploads/2025/11/img-20251116-wa00146944149884565661107.jpg?resize=474%2C302&#038;ssl=1" class="wp-image-12687 alignnone size-full" width="474" height="302" srcset="https://i0.wp.com/www.tus-oppenau.de/fussball/wp-content/uploads/2025/11/img-20251116-wa00146944149884565661107.jpg?w=1213&amp;ssl=1 1213w, https://i0.wp.com/www.tus-oppenau.de/fussball/wp-content/uploads/2025/11/img-20251116-wa00146944149884565661107.jpg?resize=673%2C429&amp;ssl=1 673w, https://i0.wp.com/www.tus-oppenau.de/fussball/wp-content/uploads/2025/11/img-20251116-wa00146944149884565661107.jpg?resize=150%2C96&amp;ssl=1 150w, https://i0.wp.com/www.tus-oppenau.de/fussball/wp-content/uploads/2025/11/img-20251116-wa00146944149884565661107.jpg?resize=768%2C490&amp;ssl=1 768w, https://i0.wp.com/www.tus-oppenau.de/fussball/wp-content/uploads/2025/11/img-20251116-wa00146944149884565661107.jpg?w=948&amp;ssl=1 948w" sizes="auto, (max-width: 474px) 100vw, 474px" /></p>
<p><img data-recalc-dims="1" loading="lazy" decoding="async" src="https://i0.wp.com/www.tus-oppenau.de/fussball/wp-content/uploads/2025/11/img-20251116-wa001321249256182822191.jpg?resize=474%2C416&#038;ssl=1" class="wp-image-12686 alignnone size-full" width="474" height="416" srcset="https://i0.wp.com/www.tus-oppenau.de/fussball/wp-content/uploads/2025/11/img-20251116-wa001321249256182822191.jpg?w=1282&amp;ssl=1 1282w, https://i0.wp.com/www.tus-oppenau.de/fussball/wp-content/uploads/2025/11/img-20251116-wa001321249256182822191.jpg?resize=673%2C591&amp;ssl=1 673w, https://i0.wp.com/www.tus-oppenau.de/fussball/wp-content/uploads/2025/11/img-20251116-wa001321249256182822191.jpg?resize=1260%2C1107&amp;ssl=1 1260w, https://i0.wp.com/www.tus-oppenau.de/fussball/wp-content/uploads/2025/11/img-20251116-wa001321249256182822191.jpg?resize=150%2C132&amp;ssl=1 150w, https://i0.wp.com/www.tus-oppenau.de/fussball/wp-content/uploads/2025/11/img-20251116-wa001321249256182822191.jpg?resize=768%2C675&amp;ssl=1 768w, https://i0.wp.com/www.tus-oppenau.de/fussball/wp-content/uploads/2025/11/img-20251116-wa001321249256182822191.jpg?w=948&amp;ssl=1 948w" sizes="auto, (max-width: 474px) 100vw, 474px" /></p>
<p><img data-recalc-dims="1" loading="lazy" decoding="async" src="https://i0.wp.com/www.tus-oppenau.de/fussball/wp-content/uploads/2025/11/img-20251116-wa00121785220401229704665.jpg?resize=474%2C335&#038;ssl=1" class="wp-image-12688 alignnone size-full" width="474" height="335" srcset="https://i0.wp.com/www.tus-oppenau.de/fussball/wp-content/uploads/2025/11/img-20251116-wa00121785220401229704665.jpg?w=1531&amp;ssl=1 1531w, https://i0.wp.com/www.tus-oppenau.de/fussball/wp-content/uploads/2025/11/img-20251116-wa00121785220401229704665.jpg?resize=673%2C476&amp;ssl=1 673w, https://i0.wp.com/www.tus-oppenau.de/fussball/wp-content/uploads/2025/11/img-20251116-wa00121785220401229704665.jpg?resize=1260%2C890&amp;ssl=1 1260w, https://i0.wp.com/www.tus-oppenau.de/fussball/wp-content/uploads/2025/11/img-20251116-wa00121785220401229704665.jpg?resize=150%2C106&amp;ssl=1 150w, https://i0.wp.com/www.tus-oppenau.de/fussball/wp-content/uploads/2025/11/img-20251116-wa00121785220401229704665.jpg?resize=768%2C543&amp;ssl=1 768w, https://i0.wp.com/www.tus-oppenau.de/fussball/wp-content/uploads/2025/11/img-20251116-wa00121785220401229704665.jpg?w=948&amp;ssl=1 948w, https://i0.wp.com/www.tus-oppenau.de/fussball/wp-content/uploads/2025/11/img-20251116-wa00121785220401229704665.jpg?w=1422&amp;ssl=1 1422w" sizes="auto, (max-width: 474px) 100vw, 474px" /></p>
<p>Die Fußball Abteilung des TuS Oppenau bedankt sich recht herzlich bei</p>
<p align="center"><span style="font-size:x-large;"><a href="http://www.doll-oppenau.de/"><strong>DOLL Fahrzeugbau GmbH</strong></a></span></p>
<p><a href="https://i0.wp.com/www.tus-oppenau.de/fussball/wp-content/uploads/2019/10/clip_image002.jpg?ssl=1"><img data-recalc-dims="1" loading="lazy" decoding="async" title="clip_image002" src="https://i0.wp.com/www.tus-oppenau.de/fussball/wp-content/uploads/2019/10/clip_image002_thumb.jpg?resize=309%2C88&#038;ssl=1" alt="clip_image002" width="309" height="88" border="0"></a></p>
<p>für die großzügige Unterstützung unserer Jugendarbeit.</p>
<p><a href="https://www.tus-oppenau.de/fussball/d1-ergebnisse/">D1 Ergebnisse</a></p>
<p><a href="https://www.tus-oppenau.de/fussball/d2-ergebnisse/">D2 Ergebnisse</a></p>


<div class="su-posts su-posts-default-loop ">

	
					
			
			<div id="su-post-12881" class="su-post ">

									<a class="su-post-thumbnail" href="https://www.tus-oppenau.de/fussball/2026/01/d-junioren-erreichen-platz-3-beim-hallenturnier-des-sv-dsbach/"><img loading="lazy" decoding="async" width="672" height="372" src="https://i0.wp.com/www.tus-oppenau.de/fussball/wp-content/uploads/2026/01/D-Junioren_1-1.jpg?resize=672%2C372&amp;ssl=1" class="attachment-post-thumbnail size-post-thumbnail wp-post-image" alt="" /></a>
				
				<h2 class="su-post-title"><a href="https://www.tus-oppenau.de/fussball/2026/01/d-junioren-erreichen-platz-3-beim-hallenturnier-des-sv-dsbach/">D-Junioren erreichen Platz 3 beim Hallenturnier des SV &Ouml;dsbach</a></h2>

				<div class="su-post-meta">
					Veröffentlicht: 28. Januar 2026				</div>

				<div class="su-post-excerpt">
					<p>Die D-Junioren des TuS Oppenau um das Trainerteam Tobias Müller und Julian Haas haben beim Hallenturnier des SV Ödsbach einen guten 3. Platz erreicht. Nach einer kurzfristigen Absage des FV Schutterwald gab es eine Modusänderung von der Gruppenphase und Platzierungsspielen zu Jeder gegen Jeden. Dabei gewann man die ersten 3 Partien mit 4:1, 3:2 und &hellip; <a href="https://www.tus-oppenau.de/fussball/2026/01/d-junioren-erreichen-platz-3-beim-hallenturnier-des-sv-dsbach/" class="more-link"><span class="screen-reader-text">D-Junioren erreichen Platz 3 beim Hallenturnier des SV &Ouml;dsbach</span> weiterlesen <span class="meta-nav">&rarr;</span></a></p>
				</div>

				
			</div>

					
			
			<div id="su-post-12836" class="su-post ">

									<a class="su-post-thumbnail" href="https://www.tus-oppenau.de/fussball/2026/01/d-junioren-gewinnen-hallenturnier-in-oberkirch/"><img loading="lazy" decoding="async" width="672" height="372" src="https://i0.wp.com/www.tus-oppenau.de/fussball/wp-content/uploads/2026/01/D-Junioren_1.jpg?resize=672%2C372&amp;ssl=1" class="attachment-post-thumbnail size-post-thumbnail wp-post-image" alt="" /></a>
				
				<h2 class="su-post-title"><a href="https://www.tus-oppenau.de/fussball/2026/01/d-junioren-gewinnen-hallenturnier-in-oberkirch/">D-Junioren gewinnen Hallenturnier in Oberkirch</a></h2>

				<div class="su-post-meta">
					Veröffentlicht: 18. Januar 2026				</div>

				<div class="su-post-excerpt">
					<p>Nur wenige Tage nach dem Turniersieg beim Dreikönigturnier in Kehl waren unsere D-Junioren auch beim Hallenturnier in Oberkirch siegreich. Die Mannschaft konnte auch den 7. Renchtäler-Hallencup für sich entscheiden. Im Endspiel konnte man sich mit 1:0 gegen den SC Lahr durchsetzen. Herzlichen Glückwunsch der Mannschaft und dem Trainerteam zum Turniersieg !!</p>
				</div>

				
			</div>

					
			
			<div id="su-post-12830" class="su-post ">

				
				<h2 class="su-post-title"><a href="https://www.tus-oppenau.de/fussball/2026/01/d-junioren-gewinnen-das-dreiknigsturnier-2026/">D-Junioren gewinnen das Dreik&ouml;nigsturnier 2026</a></h2>

				<div class="su-post-meta">
					Veröffentlicht: 6. Januar 2026				</div>

				<div class="su-post-excerpt">
					<p>Mit einem tollen sportlichen Erfolg sind unsere D-Junioren in das Jahr 2026 gestartet. Die Mannschaft um das Trainerteam Markus Müller und Frank Treier konnte das gut besetzte Dreikönigsturnier des Kehler FV gewinnen. Dabei blieb man das ganze Turnier umgeschlagen und setzte sich in der Gruppenphase mit 3 Siegen und einem Unentschieden sowie 22:2 Toren durch. &hellip; <a href="https://www.tus-oppenau.de/fussball/2026/01/d-junioren-gewinnen-das-dreiknigsturnier-2026/" class="more-link"><span class="screen-reader-text">D-Junioren gewinnen das Dreik&ouml;nigsturnier 2026</span> weiterlesen <span class="meta-nav">&rarr;</span></a></p>
				</div>

				
			</div>

		
	
</div>

<p>D Junioren spielen in einer Spielgemeinschaft mit Oppenau und Bad Peterstal unter SG Oppenau Die Fußball Abteilung des TuS Oppenau bedankt sich recht herzlich bei DOLL Fahrzeugbau GmbH für die großzügige Unterstützung unserer Jugendarbeit. D1 Ergebnisse D2 Ergebnisse</p>
