{"id":2298,"date":"2015-10-19T14:17:00","date_gmt":"2015-10-19T12:17:00","guid":{"rendered":"http:\/\/www.tus-oppenau.de\/fussball\/?page_id=2298"},"modified":"2025-09-04T12:35:34","modified_gmt":"2025-09-04T10:35:34","slug":"b-junioren","status":"publish","type":"page","link":"https:\/\/www.tus-oppenau.de\/fussball\/b-junioren\/","title":{"rendered":"B \u2013 Junioren"},"content":{"rendered":"<ul>\n<li>B-Junioren SG Renchtal B1 Staffel: Bezirksliga, B2 Kreisklasse<\/li>\n<\/ul>\n<p><a href=\"https:\/\/i0.wp.com\/www.tus-oppenau.de\/fussball\/wp-content\/uploads\/2025\/09\/b-jugend-scaled.jpg?ssl=1\"><img data-recalc-dims=\"1\" loading=\"lazy\" decoding=\"async\" class=\"alignnone wp-image-12335 size-medium\" src=\"https:\/\/i0.wp.com\/www.tus-oppenau.de\/fussball\/wp-content\/uploads\/2025\/09\/b-jugend.jpg?resize=474%2C316&#038;ssl=1\" alt=\"\" width=\"474\" height=\"316\" srcset=\"https:\/\/i0.wp.com\/www.tus-oppenau.de\/fussball\/wp-content\/uploads\/2025\/09\/b-jugend-scaled.jpg?resize=673%2C448&amp;ssl=1 673w, https:\/\/i0.wp.com\/www.tus-oppenau.de\/fussball\/wp-content\/uploads\/2025\/09\/b-jugend-scaled.jpg?resize=1260%2C839&amp;ssl=1 1260w, https:\/\/i0.wp.com\/www.tus-oppenau.de\/fussball\/wp-content\/uploads\/2025\/09\/b-jugend-scaled.jpg?resize=150%2C100&amp;ssl=1 150w, https:\/\/i0.wp.com\/www.tus-oppenau.de\/fussball\/wp-content\/uploads\/2025\/09\/b-jugend-scaled.jpg?resize=768%2C511&amp;ssl=1 768w, https:\/\/i0.wp.com\/www.tus-oppenau.de\/fussball\/wp-content\/uploads\/2025\/09\/b-jugend-scaled.jpg?resize=1536%2C1022&amp;ssl=1 1536w, https:\/\/i0.wp.com\/www.tus-oppenau.de\/fussball\/wp-content\/uploads\/2025\/09\/b-jugend-scaled.jpg?resize=2048%2C1363&amp;ssl=1 2048w, https:\/\/i0.wp.com\/www.tus-oppenau.de\/fussball\/wp-content\/uploads\/2025\/09\/b-jugend-scaled.jpg?w=948&amp;ssl=1 948w, https:\/\/i0.wp.com\/www.tus-oppenau.de\/fussball\/wp-content\/uploads\/2025\/09\/b-jugend-scaled.jpg?w=1422&amp;ssl=1 1422w\" sizes=\"auto, (max-width: 474px) 100vw, 474px\" \/><\/a><\/p>\n<p>h. v.l. :<\/p>\n<p>M.v.l.:<\/p>\n<p>V. v.l.:<\/p>\n<p><a href=\"https:\/\/www.tus-oppenau.de\/fussball\/b1-ergebnisse\/\">B1 Ergebnisse<\/a><\/p>\n\n\n<div class=\"su-posts su-posts-default-loop \">\n\n\t\n\t\t\t\t\t\n\t\t\t\n\t\t\t<div id=\"su-post-9582\" class=\"su-post \">\n\n\t\t\t\t\n\t\t\t\t<h2 class=\"su-post-title\"><a href=\"https:\/\/www.tus-oppenau.de\/fussball\/2023\/06\/meisterehrung-der-stadt-oppenau\/\">Meisterehrung der Stadt Oppenau<\/a><\/h2>\n\n\t\t\t\t<div class=\"su-post-meta\">\n\t\t\t\t\tVer\u00f6ffentlicht: 18. Juni 2023\t\t\t\t<\/div>\n\n\t\t\t\t<div class=\"su-post-excerpt\">\n\t\t\t\t\t<p>Im Rahmen des Sportfestes nahm B\u00fcrgermeister Uwe Gaiser die Sportlerehrung der Stadt Oppenau vor. Er ehrte die beiden Jugend-Meistermannschaften der Saison 2022\/23 \u2013 die D1 des TuS Oppenau und B1 der SG Renchtal. D1-Junioren:&nbsp;&nbsp; TuS Oppenau (Spieler aus Oppenau u. Bad Peterstal)Meister Kreisliga 1&nbsp; 18 Spiele (17 Siege \/ 0 Unentschieden \/ 1 Niederlage)&nbsp;&nbsp; 51 &hellip; <a href=\"https:\/\/www.tus-oppenau.de\/fussball\/2023\/06\/meisterehrung-der-stadt-oppenau\/\" class=\"more-link\"><span class=\"screen-reader-text\">Meisterehrung der Stadt Oppenau<\/span> weiterlesen <span class=\"meta-nav\">&rarr;<\/span><\/a><\/p>\n\t\t\t\t<\/div>\n\n\t\t\t\t\n\t\t\t<\/div>\n\n\t\t\t\t\t\n\t\t\t\n\t\t\t<div id=\"su-post-9399\" class=\"su-post \">\n\n\t\t\t\t\t\t\t\t\t<a class=\"su-post-thumbnail\" href=\"https:\/\/www.tus-oppenau.de\/fussball\/2023\/05\/b1-junioren-erringen-die-meisterschaft\/\"><img loading=\"lazy\" decoding=\"async\" width=\"672\" height=\"337\" src=\"https:\/\/i0.wp.com\/www.tus-oppenau.de\/fussball\/wp-content\/uploads\/2023\/05\/sg_renchtal_b-junioren_22_23_1a.jpg?resize=672%2C337&amp;ssl=1\" class=\"attachment-post-thumbnail size-post-thumbnail wp-post-image\" alt=\"\" \/><\/a>\n\t\t\t\t\n\t\t\t\t<h2 class=\"su-post-title\"><a href=\"https:\/\/www.tus-oppenau.de\/fussball\/2023\/05\/b1-junioren-erringen-die-meisterschaft\/\">B1-Junioren erringen die Meisterschaft<\/a><\/h2>\n\n\t\t\t\t<div class=\"su-post-meta\">\n\t\t\t\t\tVer\u00f6ffentlicht: 16. Mai 2023\t\t\t\t<\/div>\n\n\t\t\t\t<div class=\"su-post-excerpt\">\n\t\t\t\t\t<p>Die B1-Junioren der SG Renchtal konnten souver\u00e4n die Meisterschaft in der Kreisliga 1 einfahren und steigen somit in die Bezirksliga auf. Vor dem abschlie\u00dfenden Spieltag ist die Mannschaft noch ohne Niederlage bei 16 Siegen und einem Unentschieden. Das Torverh\u00e4ltnis von 93:6 Toren spiegelt die St\u00e4rke der Mannschaft wider. Herzlichen Gl\u00fcckwunsch an die Mannschaft und das &hellip; <a href=\"https:\/\/www.tus-oppenau.de\/fussball\/2023\/05\/b1-junioren-erringen-die-meisterschaft\/\" class=\"more-link\"><span class=\"screen-reader-text\">B1-Junioren erringen die Meisterschaft<\/span> weiterlesen <span class=\"meta-nav\">&rarr;<\/span><\/a><\/p>\n\t\t\t\t<\/div>\n\n\t\t\t\t\n\t\t\t<\/div>\n\n\t\t\t\t\t\n\t\t\t\n\t\t\t<div id=\"su-post-6750\" class=\"su-post \">\n\n\t\t\t\t\t\t\t\t\t<a class=\"su-post-thumbnail\" href=\"https:\/\/www.tus-oppenau.de\/fussball\/2019\/07\/neue-trainingsanzge-fr-jugendteams\/\"><img loading=\"lazy\" decoding=\"async\" width=\"672\" height=\"372\" src=\"https:\/\/i0.wp.com\/www.tus-oppenau.de\/fussball\/wp-content\/uploads\/2019\/07\/tus-oppenau-jugend-mannschaftsfoto_2019_mail.jpg?resize=672%2C372&amp;ssl=1\" class=\"attachment-post-thumbnail size-post-thumbnail wp-post-image\" alt=\"\" \/><\/a>\n\t\t\t\t\n\t\t\t\t<h2 class=\"su-post-title\"><a href=\"https:\/\/www.tus-oppenau.de\/fussball\/2019\/07\/neue-trainingsanzge-fr-jugendteams\/\">Neue Trainingsanz&uuml;ge f&uuml;r Jugendteams<\/a><\/h2>\n\n\t\t\t\t<div class=\"su-post-meta\">\n\t\t\t\t\tVer\u00f6ffentlicht: 23. Juli 2019\t\t\t\t<\/div>\n\n\t\t\t\t<div class=\"su-post-excerpt\">\n\t\t\t\t\t<p>Die insgesamt 11 Jugendmannschaften und Spielgemeinschaften des TuS Oppenau sowie deren Jugendtrainer und Betreuer wurden mit neuen Trainingsanz\u00fcgen unseres Ausr\u00fcsters Hummel ausgestattet. Die schicken Anz\u00fcge aus der Kollektion Core konnten durch die gro\u00dfz\u00fcgige Unterst\u00fctzung unseres Sponsors Autohaus Roth KG angeschafft werden. Der TuS Oppenau bedankt sich ganz herzlich f\u00fcr diese gro\u00dfartige Unterst\u00fctzung unserer Jugendarbeit. Gesch\u00e4ftsf\u00fchrer &hellip; <a href=\"https:\/\/www.tus-oppenau.de\/fussball\/2019\/07\/neue-trainingsanzge-fr-jugendteams\/\" class=\"more-link\"><span class=\"screen-reader-text\">Neue Trainingsanz&uuml;ge f&uuml;r Jugendteams<\/span> weiterlesen <span class=\"meta-nav\">&rarr;<\/span><\/a><\/p>\n\t\t\t\t<\/div>\n\n\t\t\t\t\n\t\t\t<\/div>\n\n\t\t\n\t\n<\/div>\n\n","protected":false},"excerpt":{"rendered":"<p>B-Junioren SG Renchtal B1 Staffel: Bezirksliga, B2 Kreisklasse h. v.l. : M.v.l.: V. v.l.: B1 Ergebnisse<\/p>\n","protected":false},"author":93,"featured_media":12335,"parent":0,"menu_order":0,"comment_status":"closed","ping_status":"closed","template":"page-templates\/full-width.php","meta":{"footnotes":""},"class_list":["post-2298","page","type-page","status-publish","has-post-thumbnail","hentry"],"jetpack_sharing_enabled":false,"jetpack_likes_enabled":true,"_links":{"self":[{"href":"https:\/\/www.tus-oppenau.de\/fussball\/wp-json\/wp\/v2\/pages\/2298","targetHints":{"allow":["GET"]}}],"collection":[{"href":"https:\/\/www.tus-oppenau.de\/fussball\/wp-json\/wp\/v2\/pages"}],"about":[{"href":"https:\/\/www.tus-oppenau.de\/fussball\/wp-json\/wp\/v2\/types\/page"}],"author":[{"embeddable":true,"href":"https:\/\/www.tus-oppenau.de\/fussball\/wp-json\/wp\/v2\/users\/93"}],"replies":[{"embeddable":true,"href":"https:\/\/www.tus-oppenau.de\/fussball\/wp-json\/wp\/v2\/comments?post=2298"}],"version-history":[{"count":15,"href":"https:\/\/www.tus-oppenau.de\/fussball\/wp-json\/wp\/v2\/pages\/2298\/revisions"}],"predecessor-version":[{"id":12340,"href":"https:\/\/www.tus-oppenau.de\/fussball\/wp-json\/wp\/v2\/pages\/2298\/revisions\/12340"}],"wp:featuredmedia":[{"embeddable":true,"href":"https:\/\/www.tus-oppenau.de\/fussball\/wp-json\/wp\/v2\/media\/12335"}],"wp:attachment":[{"href":"https:\/\/www.tus-oppenau.de\/fussball\/wp-json\/wp\/v2\/media?parent=2298"}],"curies":[{"name":"wp","href":"https:\/\/api.w.org\/{rel}","templated":true}]}}

<ul>
<li>B-Junioren SG Renchtal B1 Staffel: Bezirksliga, B2 Kreisklasse</li>
</ul>
<p><a href="https://i0.wp.com/www.tus-oppenau.de/fussball/wp-content/uploads/2025/09/b-jugend-scaled.jpg?ssl=1"><img data-recalc-dims="1" loading="lazy" decoding="async" class="alignnone wp-image-12335 size-medium" src="https://i0.wp.com/www.tus-oppenau.de/fussball/wp-content/uploads/2025/09/b-jugend.jpg?resize=474%2C316&#038;ssl=1" alt="" width="474" height="316" srcset="https://i0.wp.com/www.tus-oppenau.de/fussball/wp-content/uploads/2025/09/b-jugend-scaled.jpg?resize=673%2C448&amp;ssl=1 673w, https://i0.wp.com/www.tus-oppenau.de/fussball/wp-content/uploads/2025/09/b-jugend-scaled.jpg?resize=1260%2C839&amp;ssl=1 1260w, https://i0.wp.com/www.tus-oppenau.de/fussball/wp-content/uploads/2025/09/b-jugend-scaled.jpg?resize=150%2C100&amp;ssl=1 150w, https://i0.wp.com/www.tus-oppenau.de/fussball/wp-content/uploads/2025/09/b-jugend-scaled.jpg?resize=768%2C511&amp;ssl=1 768w, https://i0.wp.com/www.tus-oppenau.de/fussball/wp-content/uploads/2025/09/b-jugend-scaled.jpg?resize=1536%2C1022&amp;ssl=1 1536w, https://i0.wp.com/www.tus-oppenau.de/fussball/wp-content/uploads/2025/09/b-jugend-scaled.jpg?resize=2048%2C1363&amp;ssl=1 2048w, https://i0.wp.com/www.tus-oppenau.de/fussball/wp-content/uploads/2025/09/b-jugend-scaled.jpg?w=948&amp;ssl=1 948w, https://i0.wp.com/www.tus-oppenau.de/fussball/wp-content/uploads/2025/09/b-jugend-scaled.jpg?w=1422&amp;ssl=1 1422w" sizes="auto, (max-width: 474px) 100vw, 474px" /></a></p>
<p>h. v.l. :</p>
<p>M.v.l.:</p>
<p>V. v.l.:</p>
<p><a href="https://www.tus-oppenau.de/fussball/b1-ergebnisse/">B1 Ergebnisse</a></p>


<div class="su-posts su-posts-default-loop ">

	
					
			
			<div id="su-post-9582" class="su-post ">

				
				<h2 class="su-post-title"><a href="https://www.tus-oppenau.de/fussball/2023/06/meisterehrung-der-stadt-oppenau/">Meisterehrung der Stadt Oppenau</a></h2>

				<div class="su-post-meta">
					Veröffentlicht: 18. Juni 2023				</div>

				<div class="su-post-excerpt">
					<p>Im Rahmen des Sportfestes nahm Bürgermeister Uwe Gaiser die Sportlerehrung der Stadt Oppenau vor. Er ehrte die beiden Jugend-Meistermannschaften der Saison 2022/23 – die D1 des TuS Oppenau und B1 der SG Renchtal. D1-Junioren:&nbsp;&nbsp; TuS Oppenau (Spieler aus Oppenau u. Bad Peterstal)Meister Kreisliga 1&nbsp; 18 Spiele (17 Siege / 0 Unentschieden / 1 Niederlage)&nbsp;&nbsp; 51 &hellip; <a href="https://www.tus-oppenau.de/fussball/2023/06/meisterehrung-der-stadt-oppenau/" class="more-link"><span class="screen-reader-text">Meisterehrung der Stadt Oppenau</span> weiterlesen <span class="meta-nav">&rarr;</span></a></p>
				</div>

				
			</div>

					
			
			<div id="su-post-9399" class="su-post ">

									<a class="su-post-thumbnail" href="https://www.tus-oppenau.de/fussball/2023/05/b1-junioren-erringen-die-meisterschaft/"><img loading="lazy" decoding="async" width="672" height="337" src="https://i0.wp.com/www.tus-oppenau.de/fussball/wp-content/uploads/2023/05/sg_renchtal_b-junioren_22_23_1a.jpg?resize=672%2C337&amp;ssl=1" class="attachment-post-thumbnail size-post-thumbnail wp-post-image" alt="" /></a>
				
				<h2 class="su-post-title"><a href="https://www.tus-oppenau.de/fussball/2023/05/b1-junioren-erringen-die-meisterschaft/">B1-Junioren erringen die Meisterschaft</a></h2>

				<div class="su-post-meta">
					Veröffentlicht: 16. Mai 2023				</div>

				<div class="su-post-excerpt">
					<p>Die B1-Junioren der SG Renchtal konnten souverän die Meisterschaft in der Kreisliga 1 einfahren und steigen somit in die Bezirksliga auf. Vor dem abschließenden Spieltag ist die Mannschaft noch ohne Niederlage bei 16 Siegen und einem Unentschieden. Das Torverhältnis von 93:6 Toren spiegelt die Stärke der Mannschaft wider. Herzlichen Glückwunsch an die Mannschaft und das &hellip; <a href="https://www.tus-oppenau.de/fussball/2023/05/b1-junioren-erringen-die-meisterschaft/" class="more-link"><span class="screen-reader-text">B1-Junioren erringen die Meisterschaft</span> weiterlesen <span class="meta-nav">&rarr;</span></a></p>
				</div>

				
			</div>

					
			
			<div id="su-post-6750" class="su-post ">

									<a class="su-post-thumbnail" href="https://www.tus-oppenau.de/fussball/2019/07/neue-trainingsanzge-fr-jugendteams/"><img loading="lazy" decoding="async" width="672" height="372" src="https://i0.wp.com/www.tus-oppenau.de/fussball/wp-content/uploads/2019/07/tus-oppenau-jugend-mannschaftsfoto_2019_mail.jpg?resize=672%2C372&amp;ssl=1" class="attachment-post-thumbnail size-post-thumbnail wp-post-image" alt="" /></a>
				
				<h2 class="su-post-title"><a href="https://www.tus-oppenau.de/fussball/2019/07/neue-trainingsanzge-fr-jugendteams/">Neue Trainingsanz&uuml;ge f&uuml;r Jugendteams</a></h2>

				<div class="su-post-meta">
					Veröffentlicht: 23. Juli 2019				</div>

				<div class="su-post-excerpt">
					<p>Die insgesamt 11 Jugendmannschaften und Spielgemeinschaften des TuS Oppenau sowie deren Jugendtrainer und Betreuer wurden mit neuen Trainingsanzügen unseres Ausrüsters Hummel ausgestattet. Die schicken Anzüge aus der Kollektion Core konnten durch die großzügige Unterstützung unseres Sponsors Autohaus Roth KG angeschafft werden. Der TuS Oppenau bedankt sich ganz herzlich für diese großartige Unterstützung unserer Jugendarbeit. Geschäftsführer &hellip; <a href="https://www.tus-oppenau.de/fussball/2019/07/neue-trainingsanzge-fr-jugendteams/" class="more-link"><span class="screen-reader-text">Neue Trainingsanz&uuml;ge f&uuml;r Jugendteams</span> weiterlesen <span class="meta-nav">&rarr;</span></a></p>
				</div>

				
			</div>

		
	
</div>
